 k(6). Suppose -2*c + 386 = 3*p + 70, 103 = p + s*c. What is the units digit of p?
6
Suppose -2*l - j = 59, -l - 5*j = -6*j + 37. What is the hundreds digit of ((-36)/l)/9 + (-5658)/(-48)?
1
Suppose 5*i - 1655 = 5*o, 0 = -2*i - 8*o + 9*o + 659. Let a = -320 + i. What is the units digit of a?
8
Let b(q) be the first derivative of q**3 + 23*q**2/2 - 2*q + 18. What is the hundreds digit of b(4)?
1
What is the hundreds digit of (-30030)/(-364)*4846/5?
9
Suppose -10*j + 3*j = -35. Suppose j*a = -10 - 10, -2*v + 10 = 2*a. Suppose -14*f + v*f = -970. What is the hundreds digit of f?
1
Let a be ((-4)/(-24))/(2/12)*-6. Let h be a*(202/(-4) + 6/(-2)). Suppose 10*k - 13*k + h = 0. What is the hundreds digit of k?
1
What is the hundreds digit of 12 + (-906948)/(-273) - 4/26?
3
Let d(w) = 10*w + 563. Let g(i) = 13*i + 563. Let n(v) = 4*d(v) - 3*g(v). What is the units digit of n(0)?
3
Let k = -209 - -350. Let z = 145 - k. What is the units digit of z?
4
Let c = 8 + -3. Suppose -4*x - 2*y + 1898 + 444 = 0, -598 = -x + 2*y. Suppose x = c*f - f. What is the hundreds digit of f?
1
Let g be 4/(((-10)/1395)/1) + 4. Let i = -331 - g. What is the tens digit of i?
2
Let a(g) = -47*g + 1. Let v be a(-1). Suppose 7*c - 107 = 33. Suppose -c = -t - 2*k + v, 0 = k + 3. What is the units digit of t?
4
Let n(s) be the second derivative of 149*s**3/6 - 25*s**2/2 + 116*s. What is the units digit of n(1)?
4
Suppose -723450 = -6*y - 79*y + 7*y. What is the units digit of y?
5
Let o(n) = -2*n**3 + 4*n**2 - n - 8. Let r be o(-6). Let w = 6994 - 6991. Suppose w*l - 8 - r = 0. What is the hundreds digit of l?
1
Suppose -35 = -4*n + 53. Suppose -n*c + 4 = -20*c. Suppose 20 = 3*p + c*y, 16 = -2*p + 3*p + 3*y. What is the units digit of p?
4
Let j = -108 - -95. Let y be (-12 - j)*0/(-2). Suppose 2*l + 201 = 5*d, 3*d + y*l = -3*l + 129. What is the units digit of d?
1
Suppose -5*a + 2*z = z - 74164, 0 = -a + z + 14832. What is the tens digit of a?
3
Suppose -37 = -3*y + 3*w - 4, 3*y + 5*w - 57 = 0. Suppose y*k - 1482 = 870. What is the units digit of k?
8
Let g = -3199 + 9094. Let j be (-2)/10*-2 - g/(-75). Let w = -40 + j. What is the units digit of w?
9
Let g(p) = p**3 - 17*p**2 - 14*p - 25. Suppose 2*a = 0, -1 = w + 2*a - 0. Let z be 120/8 + (-3)/w. What is the tens digit of g(z)?
4
Suppose 0 = -11*i - 27 + 49. Suppose -i*y + 2542 = -5*w, -17*w = -4*y - 19*w + 5084. What is the units digit of y?
1
Let g be 1/2*3/((-3)/(-50)). Let r(t) = 2*t**2 - 42*t + 117. What is the hundreds digit of r(g)?
3
Let c = -2201 + 4406. Suppose 5*v = -2*v + c. Let d = -181 + v. What is the units digit of d?
4
Let v(w) = w**2 - 9*w + 5. Let r be v(12). What is the units digit of ((-4)/(-6))/(r/44280)?
0
Let h(q) = -11*q**3 + q**2 - q - 1. Let n be h(2). Let w = 96 + n. What is the units digit of (-4 - (804/w)/4)*-3?
9
Suppose -6*m + 20*m = 62818. What is the thousands digit of m?
4
Let m be (-1 + -116)*-1*8/12. Let g = 106 + m. Suppose 0 = -8*n + g + 624. What is the hundreds digit of n?
1
Let o = 22704 + -15700. What is the tens digit of o?
0
Suppose -11*s + 0*s - 1892 = 0. Let x = s + 93. Let b = x - -84. What is the units digit of b?
5
Let v(o) = o**3 + 5*o**2 - 18*o - 67. Let q be v(-6). Suppose 2*m = q*l + 3*m - 5190, -5*l = 3*m - 5190. What is the thousands digit of l?
1
What is the units digit of 59670/945 + (-15)/7 + 2?
3
Let k(a) = -5*a - 14. Let z be k(-4). What is the tens digit of (1 - -396 - -4) + z?
0
Suppose 37567 = 2*a - 109*z + 114*z, -37578 = -2*a + 6*z. What is the tens digit of a?
8
Let f be (-3)/(33/(-18) - -2). Let s = f - -7. What is the units digit of (11/s)/((-1)/111)?
1
Let j = -1967 + 5100. What is the hundreds digit of j?
1
What is the tens digit of 6/(-22) + (-2058944)/(-352)?
4
Let q be (4/10)/((-8)/(-20))*-6. Let h be q/(-24) - 22/(-8). Let f(r) = 15*r**2 - 6*r + 4. What is the units digit of f(h)?
1
Let d(b) = 274*b + 161. Let g be d(-7). Let w = 2655 + g. What is the tens digit of w?
9
Let m = -40 - -49. Let s(n) = 3*n + 22. Let d(j) = -35*j - 266. Let q(f) = 4*d(f) + 49*s(f). What is the tens digit of q(m)?
7
Let f = 6181 + -3652. What is the thousands digit of f?
2
Let o(a) = -2*a**2 + 103*a + 10374. What is the hundreds digit of o(0)?
3
Let i = 52 + -32. Let l = -18 + i. Suppose r = 4, h - l*h = -5*r - 71. What is the units digit of h?
1
Suppose q = -3*r - 5, -2 - 12 = -2*q + 2*r. Suppose -q*c + 4*c - 4*c = 0. Suppose 0 = -4*s + 2*i + 24, -3*s + c*s - 4*i = -18. What is the units digit of s?
6
Suppose 3*d = -179*j + 183*j + 36275, 4*d = j + 48345. What is the thousands digit of d?
2
Let p(v) be the third derivative of -v**6/120 - v**5/5 - v**4 - 11*v**3/6 + 6*v**2 + 27. Let a(t) = -10*t - 1. Let q be a(1). What is the tens digit of p(q)?
3
Suppose 6*p - 32 = -2*p. Suppose -33 = -2*x - 4*d + 55, -p*x = 2*d - 158. What is the tens digit of x?
3
What is the units digit of (217072/(-64))/((-3)/12)?
7
Suppose 40*z - 504906 = -31786. What is the ten thousands digit of z?
1
Suppose 4099*g + 209811 = 4102*g + 3*x, 0 = -g - 4*x + 69922. What is the thousands digit of g?
9
Suppose -148*d = 2*t - 120*d - 115818, 5*t + 2*d - 290089 = 0. What is the thousands digit of t?
8
Let u(m) = 17*m - 76. Let t be u(15). Let b = -113 + t. What is the tens digit of b?
6
Let f = 207 + -214. What is the tens digit of 476/(-21)*(f - -4)?
6
Let c(g) = -335*g - 2327. What is the hundreds digit of c(-10)?
0
Let l = -290 + 291. Suppose -y = -5*w + 3576, 4*y = 3*y - l. What is the tens digit of w?
1
Let n(q) = -30*q**3 + 5*q**2 + 10*q + 4. Let w(t) = t**3 + 4*t**2 - 22*t - 87. Let i be w(-5). What is the tens digit of n(i)?
4
Suppose -1560 + 1560 = 2*f. What is the thousands digit of (f - -2516)*6/(-48)*-4?
1
Suppose -5*k + 3905 = b, 5*b + 5*k = -0*k + 19625. Let v = b - 2280. Suppose -v + 480 = -6*d. What is the units digit of d?
5
Let y(c) = 7*c**2 - 40*c + 68. What is the tens digit of y(36)?
0
Let z be (-4 + -1 + 0)*789/(-15). Suppose -r + z = -291. Suppose r = 5*t + 4. What is the units digit of t?
0
Let u(z) = 155*z**2 + 18*z - 74. Let r be (-145)/(-58) - (-2)/4. What is the hundreds digit of u(r)?
3
Suppose 6*i + 50 - 320 = 0. Let f be (-1)/(((-15)/i)/((-8)/3)). Let j(b) = -b**3 - 5*b**2 + 14*b - 9. What is the units digit of j(f)?
1
Suppose 22*y = 23*y + p - 22651, 4 = -2*p. What is the ten thousands digit of y?
2
What is the units digit of (9395/(2 + 3))/(-20 + 21)?
9
Let u be -13 - (-9 - (-3 - -11)). Let o be ((-10)/4)/(1/(-2)). Suppose o*g = y - 2*y + 731, g - u*y = 163. What is the hundreds digit of g?
1
Suppose 0 = -12*z - 77 - 12979. Let t = 1982 + z. What is the hundreds digit of t?
8
Let x(l) = 38*l**2 + 17*l + 148. What is the units digit of x(-23)?
9
Let y = 6380 + -4161. What is the thousands digit of y?
2
Let r be (9 - (-1)/(-1)) + -8. Suppose -k + 3*k + g - 1007 = r, 15 = 3*g. What is the tens digit of k?
0
Let s = 102 + -102. What is the units digit of 103/(-2)*-8 + (s - 3)?
9
Suppose -5*v = 2*y - 16, -2*v = y - v - 5. Suppose -2*b + 22*d - 24*d = -480, 2*b = y*d + 505. What is the units digit of b?
5
Let s = -134 - -75. Let t be -73 - -2*3/6. Let j = s - t. What is the units digit of j?
3
Let l be (-1551)/(-6) + (-3)/(-6). Suppose 5*v = p + 1223, v - 4*p - l = p. Let f = 434 - v. What is the tens digit of f?
9
Suppose 117 = 11*x - 11367. Let w = -549 + x. What is the tens digit of w?
9
Let s = -365 - -365. Suppose s*x + x - 5*m = 1142, -4*x + 4616 = -4*m. What is the tens digit of x?
5
Suppose 0 = 25*f - 24*f - 4. Suppose 0 = -5*n - w + 690, -2*n + 258 = -0*n + f*w. What is the tens digit of n?
3
Suppose 0 = 1148*z - 1141*z - 33971. What is the units digit of z?
3
Suppose -21*k + 458935 + 74885 = 0. What is the thousands digit of k?
5
Let z = -11720 - -21926. What is the thousands digit of z?
0
Suppose 4*s - 3*s - 109 = 0. Let j = s - 86. Suppose -3*w + 319 = -j. What is the hundreds digit of w?
1
Suppose r - 3*t - 30843 = 0, -36*r + 35*r = 5*t - 30843. What is the thousands digit of r?
0
Let v(x) = 2*x**2 + 20*x + 18. Let t be v(-9). Suppose t = -2*r - 13*r + 420. What is the tens digit of r?
2
Let b(l) = l**2 - l + 16. Suppose 5*x = -3*g - 35, 0 = -x + 3*x + 2*g + 18. What is the units digit of b(x)?
6
What is the thousands digit of (634/2853)/((0 + 2)*(-2)/(-62388))?
3